{"id":7,"date":"2017-05-06T12:49:30","date_gmt":"2017-05-06T12:49:30","guid":{"rendered":"https:\/\/helimarialatola.wordpress.com\/?page_id=2"},"modified":"2021-08-10T16:56:35","modified_gmt":"2021-08-10T16:56:35","slug":"about","status":"publish","type":"page","link":"https:\/\/helimarialatola.fi\/blog\/index.php\/about\/","title":{"rendered":"Min\u00e4"},"content":{"rendered":"<p class=\"font_8\"><em>&#8221;Heli-Maria on herkk\u00e4 ja rohkean rehellinen, itse\u00e4\u00e4n kuunteleva syv\u00e4luotaaja, jonka liike kumpuaa tinkim\u00e4tt\u00f6m\u00e4st\u00e4 aitouden tilasta. Heli-Maria h\u00e4mm\u00e4stytt\u00e4\u00e4 ja hurmaa. H\u00e4nen liikkeess\u00e4\u00e4n on primitiivist\u00e4 alkuvoimaa.&#8221; (Naisen Syd\u00e4n -ty\u00f6ryhm\u00e4)<\/em><\/p>\n<p>\u00a0<\/p>\n<p>Minun ensimm\u00e4iset tanssi muistoni sijoittuvat mummolaan. Olin alle kouluik\u00e4inen. Tykk\u00e4sin pukeutua mummon vaatekaapista l\u00f6ytyviin aarteisiin ja tehd\u00e4 pieni\u00e4 tanssipyr\u00e4hdyksi\u00e4 isovanhempien iloksi. Siit\u00e4 jokunen vuosi my\u00f6hemmin aloitin tanssiharrastuksen Oulun taidekoululla. En niink\u00e4\u00e4n tyk\u00e4nnyt harjoittelusta, mutta rakastin esiinty\u00e4, mik\u00e4 sai minut jatkamaan harrastusta vuosi toisensa per\u00e4\u00e4n. 12-vuotiaana l\u00f6ysin uusia lajeja, jotka saivat minut innostumaan my\u00f6s harjoittelusta. Lajivalikoimani laajeni baletista showtanssiin, hiphoppiin ja discotanssiin.\u00a0\u00a0<\/p>\n<p>16-vuotiaana muutin Kuopioon, jossa aloitin opiskelun Kuopion yhteiskoulun musiikkilukiossa, tanssinopettaja Reetta Hyv\u00e4risen ohjauksessa. Valmistuttuani l\u00e4hdin opiskelemaan tanssia Lontooseen Trinity Laban Conservatoire of music and dance -korkeakouluun, jossa vier\u00e4hti nelj\u00e4 vuotta. T\u00e4n\u00e4 aikana aloin ajatella tanssia mahdollisena ammattina.<\/p>\n<p>Englannissa viett\u00e4mieni vuosien j\u00e4lkeen palasin Ouluun. Jatkuva uuden oppiminen oli j\u00e4tt\u00e4nyt j\u00e4lkens\u00e4. Keho oli v\u00e4synyt ja mieli \u00e4\u00e4ri\u00e4\u00e4n my\u00f6ten t\u00e4ynn\u00e4. Tanssimisen yksinkertaisuus ja mukaansatempaavuus olivat kadonneet. Tunsin olevani hukassa. K\u00e4\u00e4nsin uuden sivun luopuessani yrityksest\u00e4 tulla joksikin ja alkaessani tutustua paremmin siihen mit\u00e4 jo olen.<\/p>\n<p>T\u00e4n\u00e4 p\u00e4iv\u00e4n\u00e4 tanssi on minulle keino tutkia oman kehon ja mielen rajoja sek\u00e4 haastaa ennalta luotuja kuvitelmia niist\u00e4. Parhaimmillaan tanssiminen saa minussa aikaan hyvin tyytyv\u00e4isen ja riitt\u00e4v\u00e4n oloisen tunteen ihmisen\u00e4. Tanssijan ty\u00f6ss\u00e4 kiinnostavaa on sukellus uuteen maailmaan, sen vakava ja leikkis\u00e4 tutkiminen sek\u00e4 matkan jakaminen muun ty\u00f6ryhm\u00e4n kanssa. Hienoa on, kun uskalletaan ep\u00e4onnistua toistemme edess\u00e4.\u00a0<\/p>\n<p>Toiveenani olisi hidastaa maailman menoa ja muistuttaa ihmisi\u00e4 sek\u00e4 itsens\u00e4 ett\u00e4 toisten \u00e4\u00e4relle pys\u00e4htymisen t\u00e4rkeydest\u00e4.\u00a0<\/p>\n\n\n<figure class=\"wp-block-image size-large\"><img loading=\"lazy\" decoding=\"async\" width=\"1024\" height=\"683\" data-attachment-id=\"407\" data-permalink=\"https:\/\/helimarialatola.fi\/blog\/index.php\/about\/_a7r4706\/\" data-orig-file=\"https:\/\/helimarialatola.fi\/blog\/wp-content\/uploads\/2021\/08\/A7R4706-scaled.jpg\" data-orig-size=\"2560,1708\" data-comments-opened=\"1\" data-image-meta=\"{&quot;aperture&quot;:&quot;2&quot;,&quot;credit&quot;:&quot;Antti Tauriainen&quot;,&quot;camera&quot;:&quot;ILCE-7RM3&quot;,&quot;caption&quot;:&quot;&quot;,&quot;created_timestamp&quot;:&quot;1621273751&quot;,&quot;copyright&quot;:&quot;&quot;,&quot;focal_length&quot;:&quot;28&quot;,&quot;iso&quot;:&quot;160&quot;,&quot;shutter_speed&quot;:&quot;0.0125&quot;,&quot;title&quot;:&quot;&quot;,&quot;orientation&quot;:&quot;0&quot;}\" data-image-title=\"_A7R4706\" data-image-description=\"\" data-image-caption=\"\" data-large-file=\"https:\/\/helimarialatola.fi\/blog\/wp-content\/uploads\/2021\/08\/A7R4706-1024x683.jpg\" src=\"https:\/\/helimarialatola.fi\/blog\/wp-content\/uploads\/2021\/08\/A7R4706-1024x683.jpg\" alt=\"\" class=\"wp-image-407\" srcset=\"https:\/\/helimarialatola.fi\/blog\/wp-content\/uploads\/2021\/08\/A7R4706-1024x683.jpg 1024w, https:\/\/helimarialatola.fi\/blog\/wp-content\/uploads\/2021\/08\/A7R4706-300x200.jpg 300w, https:\/\/helimarialatola.fi\/blog\/wp-content\/uploads\/2021\/08\/A7R4706-768x512.jpg 768w, https:\/\/helimarialatola.fi\/blog\/wp-content\/uploads\/2021\/08\/A7R4706-1536x1025.jpg 1536w, https:\/\/helimarialatola.fi\/blog\/wp-content\/uploads\/2021\/08\/A7R4706-2048x1366.jpg 2048w, https:\/\/helimarialatola.fi\/blog\/wp-content\/uploads\/2021\/08\/A7R4706-990x660.jpg 990w\" sizes=\"auto, (max-width: 1024px) 100vw, 1024px\" \/><figcaption>Kuva: Antti Tauriainen<\/figcaption><\/figure>\n\n\n\n<div class=\"wp-block-buttons is-layout-flex wp-block-buttons-is-layout-flex\">\n<div class=\"wp-block-button\"><a class=\"wp-block-button__link\" href=\"\/improvisaatiovideot\" rel=\"\/improvisaatiovideot\">Katso improvisaatiovideoita<\/a><\/div>\n<\/div>\n","protected":false},"excerpt":{"rendered":"<p>This is just a short excerpt for the about&nbsp;page. &hellip; <a href=\"https:\/\/helimarialatola.fi\/blog\/index.php\/about\/\" class=\"more-link\"><span class=\"more-button\">Lue lis\u00e4\u00e4<span class=\"screen-reader-text\">Min\u00e4<\/span><\/span><\/a><\/p>\n","protected":false},"author":2,"featured_media":209,"parent":0,"menu_order":1,"comment_status":"closed","ping_status":"closed","template":"","meta":{"footnotes":""},"class_list":["post-7","page","type-page","status-publish","has-post-thumbnail","hentry"],"jetpack_sharing_enabled":false,"_links":{"self":[{"href":"https:\/\/helimarialatola.fi\/blog\/index.php\/wp-json\/wp\/v2\/pages\/7","targetHints":{"allow":["GET"]}}],"collection":[{"href":"https:\/\/helimarialatola.fi\/blog\/index.php\/wp-json\/wp\/v2\/pages"}],"about":[{"href":"https:\/\/helimarialatola.fi\/blog\/index.php\/wp-json\/wp\/v2\/types\/page"}],"author":[{"embeddable":true,"href":"https:\/\/helimarialatola.fi\/blog\/index.php\/wp-json\/wp\/v2\/users\/2"}],"replies":[{"embeddable":true,"href":"https:\/\/helimarialatola.fi\/blog\/index.php\/wp-json\/wp\/v2\/comments?post=7"}],"version-history":[{"count":8,"href":"https:\/\/helimarialatola.fi\/blog\/index.php\/wp-json\/wp\/v2\/pages\/7\/revisions"}],"predecessor-version":[{"id":422,"href":"https:\/\/helimarialatola.fi\/blog\/index.php\/wp-json\/wp\/v2\/pages\/7\/revisions\/422"}],"wp:featuredmedia":[{"embeddable":true,"href":"https:\/\/helimarialatola.fi\/blog\/index.php\/wp-json\/wp\/v2\/media\/209"}],"wp:attachment":[{"href":"https:\/\/helimarialatola.fi\/blog\/index.php\/wp-json\/wp\/v2\/media?parent=7"}],"curies":[{"name":"wp","href":"https:\/\/api.w.org\/{rel}","templated":true}]}}