{"id":297,"date":"2020-05-23T13:21:40","date_gmt":"2020-05-23T13:21:40","guid":{"rendered":"http:\/\/dev3.anttitauriainen.com\/?page_id=297"},"modified":"2025-09-11T10:07:51","modified_gmt":"2025-09-11T10:07:51","slug":"cv","status":"publish","type":"page","link":"https:\/\/helimarialatola.fi\/blog\/index.php\/cv\/","title":{"rendered":"CV"},"content":{"rendered":"\n<div class=\"wp-block-jetpack-tiled-gallery aligncenter is-style-rectangular\"><div class=\"tiled-gallery__gallery\"><div class=\"tiled-gallery__row\"><div class=\"tiled-gallery__col\" style=\"flex-basis:50.01947%\"><figure class=\"tiled-gallery__item\"><img decoding=\"async\" data-attachment-id=\"384\" data-permalink=\"https:\/\/helimarialatola.fi\/blog\/index.php\/cv\/img-20200706-wa0005\/\" data-orig-file=\"https:\/\/helimarialatola.fi\/blog\/wp-content\/uploads\/2021\/08\/IMG-20200706-WA0005.jpg\" data-orig-size=\"1500,1000\" data-comments-opened=\"1\" data-image-meta=\"{&quot;aperture&quot;:&quot;0&quot;,&quot;credit&quot;:&quot;&quot;,&quot;camera&quot;:&quot;&quot;,&quot;caption&quot;:&quot;&quot;,&quot;created_timestamp&quot;:&quot;0&quot;,&quot;copyright&quot;:&quot;&quot;,&quot;focal_length&quot;:&quot;0&quot;,&quot;iso&quot;:&quot;0&quot;,&quot;shutter_speed&quot;:&quot;0&quot;,&quot;title&quot;:&quot;&quot;,&quot;orientation&quot;:&quot;0&quot;}\" data-image-title=\"IMG-20200706-WA0005\" data-image-description=\"\" data-image-caption=\"\" data-large-file=\"https:\/\/helimarialatola.fi\/blog\/wp-content\/uploads\/2021\/08\/IMG-20200706-WA0005-1024x683.jpg\" data-attachment-id=\"384\" data-permalink=\"https:\/\/helimarialatola.fi\/blog\/index.php\/cv\/img-20200706-wa0005\/\" data-orig-file=\"https:\/\/helimarialatola.fi\/blog\/wp-content\/uploads\/2021\/08\/IMG-20200706-WA0005.jpg\" data-orig-size=\"1500,1000\" data-comments-opened=\"1\" data-image-meta=\"{&quot;aperture&quot;:&quot;0&quot;,&quot;credit&quot;:&quot;&quot;,&quot;camera&quot;:&quot;&quot;,&quot;caption&quot;:&quot;&quot;,&quot;created_timestamp&quot;:&quot;0&quot;,&quot;copyright&quot;:&quot;&quot;,&quot;focal_length&quot;:&quot;0&quot;,&quot;iso&quot;:&quot;0&quot;,&quot;shutter_speed&quot;:&quot;0&quot;,&quot;title&quot;:&quot;&quot;,&quot;orientation&quot;:&quot;0&quot;}\" data-image-title=\"IMG-20200706-WA0005\" data-image-description=\"\" data-image-caption=\"\" data-large-file=\"https:\/\/helimarialatola.fi\/blog\/wp-content\/uploads\/2021\/08\/IMG-20200706-WA0005-1024x683.jpg\" role=\"button\" tabindex=\"0\" aria-label=\"Open image 1 of 2 in full-screen\"srcset=\"https:\/\/i2.wp.com\/helimarialatola.fi\/blog\/wp-content\/uploads\/2021\/08\/IMG-20200706-WA0005.jpg?strip=info&#038;w=600&#038;ssl=1 600w,https:\/\/i2.wp.com\/helimarialatola.fi\/blog\/wp-content\/uploads\/2021\/08\/IMG-20200706-WA0005.jpg?strip=info&#038;w=900&#038;ssl=1 900w,https:\/\/i2.wp.com\/helimarialatola.fi\/blog\/wp-content\/uploads\/2021\/08\/IMG-20200706-WA0005.jpg?strip=info&#038;w=1200&#038;ssl=1 1200w,https:\/\/i2.wp.com\/helimarialatola.fi\/blog\/wp-content\/uploads\/2021\/08\/IMG-20200706-WA0005.jpg?strip=info&#038;w=1500&#038;ssl=1 1500w\" alt=\"\" data-height=\"1000\" data-id=\"384\" data-link=\"https:\/\/helimarialatola.fi\/blog\/index.php\/cv\/img-20200706-wa0005\/\" data-url=\"https:\/\/helimarialatola.fi\/blog\/wp-content\/uploads\/2021\/08\/IMG-20200706-WA0005.jpg\" data-width=\"1500\" src=\"https:\/\/i2.wp.com\/helimarialatola.fi\/blog\/wp-content\/uploads\/2021\/08\/IMG-20200706-WA0005.jpg?ssl=1\" data-amp-layout=\"responsive\"\/><\/figure><\/div><div class=\"tiled-gallery__col\" style=\"flex-basis:49.98053%\"><figure class=\"tiled-gallery__item\"><img decoding=\"async\" data-attachment-id=\"385\" data-permalink=\"https:\/\/helimarialatola.fi\/blog\/index.php\/cv\/dsc07164\/\" data-orig-file=\"https:\/\/helimarialatola.fi\/blog\/wp-content\/uploads\/2021\/08\/DSC07164-scaled.jpg\" data-orig-size=\"2560,1708\" data-comments-opened=\"1\" data-image-meta=\"{&quot;aperture&quot;:&quot;7.1&quot;,&quot;credit&quot;:&quot;&quot;,&quot;camera&quot;:&quot;ILCE-7RM2&quot;,&quot;caption&quot;:&quot;&quot;,&quot;created_timestamp&quot;:&quot;1580227584&quot;,&quot;copyright&quot;:&quot;&quot;,&quot;focal_length&quot;:&quot;85&quot;,&quot;iso&quot;:&quot;50&quot;,&quot;shutter_speed&quot;:&quot;0.005&quot;,&quot;title&quot;:&quot;&quot;,&quot;orientation&quot;:&quot;1&quot;}\" data-image-title=\"DSC07164\" data-image-description=\"\" data-image-caption=\"\" data-large-file=\"https:\/\/helimarialatola.fi\/blog\/wp-content\/uploads\/2021\/08\/DSC07164-1024x683.jpg\" data-attachment-id=\"385\" data-permalink=\"https:\/\/helimarialatola.fi\/blog\/index.php\/cv\/dsc07164\/\" data-orig-file=\"https:\/\/helimarialatola.fi\/blog\/wp-content\/uploads\/2021\/08\/DSC07164-scaled.jpg\" data-orig-size=\"2560,1708\" data-comments-opened=\"1\" data-image-meta=\"{&quot;aperture&quot;:&quot;7.1&quot;,&quot;credit&quot;:&quot;&quot;,&quot;camera&quot;:&quot;ILCE-7RM2&quot;,&quot;caption&quot;:&quot;&quot;,&quot;created_timestamp&quot;:&quot;1580227584&quot;,&quot;copyright&quot;:&quot;&quot;,&quot;focal_length&quot;:&quot;85&quot;,&quot;iso&quot;:&quot;50&quot;,&quot;shutter_speed&quot;:&quot;0.005&quot;,&quot;title&quot;:&quot;&quot;,&quot;orientation&quot;:&quot;1&quot;}\" data-image-title=\"DSC07164\" data-image-description=\"\" data-image-caption=\"\" data-large-file=\"https:\/\/helimarialatola.fi\/blog\/wp-content\/uploads\/2021\/08\/DSC07164-1024x683.jpg\" role=\"button\" tabindex=\"0\" aria-label=\"Open image 2 of 2 in full-screen\"srcset=\"https:\/\/i0.wp.com\/helimarialatola.fi\/blog\/wp-content\/uploads\/2021\/08\/DSC07164-scaled.jpg?strip=info&#038;w=600&#038;ssl=1 600w,https:\/\/i0.wp.com\/helimarialatola.fi\/blog\/wp-content\/uploads\/2021\/08\/DSC07164-scaled.jpg?strip=info&#038;w=900&#038;ssl=1 900w,https:\/\/i0.wp.com\/helimarialatola.fi\/blog\/wp-content\/uploads\/2021\/08\/DSC07164-scaled.jpg?strip=info&#038;w=1200&#038;ssl=1 1200w,https:\/\/i0.wp.com\/helimarialatola.fi\/blog\/wp-content\/uploads\/2021\/08\/DSC07164-scaled.jpg?strip=info&#038;w=1500&#038;ssl=1 1500w,https:\/\/i0.wp.com\/helimarialatola.fi\/blog\/wp-content\/uploads\/2021\/08\/DSC07164-scaled.jpg?strip=info&#038;w=1800&#038;ssl=1 1800w,https:\/\/i0.wp.com\/helimarialatola.fi\/blog\/wp-content\/uploads\/2021\/08\/DSC07164-scaled.jpg?strip=info&#038;w=2000&#038;ssl=1 2000w\" alt=\"\" data-height=\"1708\" data-id=\"385\" data-link=\"https:\/\/helimarialatola.fi\/blog\/index.php\/cv\/dsc07164\/\" data-url=\"https:\/\/helimarialatola.fi\/blog\/wp-content\/uploads\/2021\/08\/DSC07164-scaled.jpg\" data-width=\"2560\" src=\"https:\/\/i0.wp.com\/helimarialatola.fi\/blog\/wp-content\/uploads\/2021\/08\/DSC07164-scaled.jpg?ssl=1\" data-amp-layout=\"responsive\"\/><\/figure><\/div><\/div><\/div><\/div>\n\n\n\n<h2 class=\"wp-block-heading\">Ty\u00f6 tanssijana<\/h2>\n\n\n\n<h5 class=\"wp-block-heading\">2025 Fall &#8211; Koreografia: Carina Ahlskog, Tuotanto: TaikaBox,<\/h5>\n\n\n\n<p>Esitykset 14.8.2025 Aitta n.7 Oulu<\/p>\n\n\n\n<h5 class=\"wp-block-heading\">2025 Suomaan matkatoimisto<\/h5>\n\n\n\n<p>Akkari ja lankaker\u00e4 Ensi-ilta 3.5.2025 Mustarinda, Hyrynsalmi<\/p>\n\n\n\n<p>Paluu paratiisista Ensi-ilta 12.7.2025 Joutsentanssi, Kuhmo<\/p>\n\n\n\n<h5 class=\"wp-block-heading\">2024-2025 Vaara kollektiivi: Kuunnellaan, Kohdataan, kosketetaan kulttuurihyvinvointiprojekti Hoitokoti Toppilassa<\/h5>\n\n\n\n<h5 class=\"wp-block-heading\">2024 Suojelija &#8211; Koreografia: Joona Halonen, Tuotanto: Tanssiteatteri Tsuumi ja JoJo \u2013Oulun tanssin keskus <\/h5>\n\n\n\n<p>Ensi-Ilta 14.11.2024 Cirko, Helsinki<\/p>\n\n\n\n<h5 class=\"wp-block-heading\">2024 Suomaan matkatoimisto, Esitykset<\/h5>\n\n\n\n<p>Keveit\u00e4 syntyj\u00e4 Karjalassa 31.5.2024<\/p>\n\n\n\n<p>\u00c4rj\u00e4n aallot 26.7.2024<\/p>\n\n\n\n<p>Pikisaaren pihat 15.8.2024<\/p>\n\n\n\n<p>Per\u00e4meren suistot 27.8.2024<\/p>\n\n\n\n<p>Koitajoen Karjala 5.9.2024<\/p>\n\n\n\n<p>Vedenjakajan Koillismaa 12.9.2024<\/p>\n\n\n\n<h5 class=\"wp-block-heading\">2022-2023 Kuu tuntee minut &#8211; Koreografia: Kira Riikonen, Tuotanto: Routa Company<\/h5>\n\n\n\n<p>Ensi-ilta 20.1.2023 Generaattori, Kajaani + Taidetestaajat esitykset 05\/2024.<\/p>\n\n\n\n<p>Omaehdotteinen ty\u00f6: Kuka min\u00e4 olen nyt?<\/p>\n\n\n\n<h5 class=\"wp-block-heading\">2021-2022 Laulu Suomaan kurjista &#8211; Koreografia: Heli-Maria Latola, koollekutsuja: Jukka Takalo,<\/h5>\n\n\n\n<p>Ennakkoesitys 23.7.2021 T\u00e4ydenkuun tanssit, Pyh\u00e4j\u00e4rvi, Ensi-ilta 10.9.2021<\/p>\n\n\n\n<p>Kuusamo Nature Photo luontokuvatapahtuma, Kuusamo<\/p>\n\n\n\n<h5 class=\"wp-block-heading\">2020-2021 Harh varp parhaillaan &#8211; Koreografia: Jouni J\u00e4rvenp\u00e4\u00e4, Tuotanto: Routa Company,<\/h5>\n\n\n\n<p>Ensi-ilta 15.1.2021 Generaattori, Kajaani + Kiertue 09\/2021. <\/p>\n\n\n\n<p>Omaehdotteinen ty\u00f6: Mit\u00e4 antaisit mukaani autiolle saarelle?<\/p>\n\n\n\n<h5 class=\"wp-block-heading\">2019 Naisen Syd\u00e4n &#8211; Koreografia: Henna-Maria Hanhineva, Tuotanto: JoJo \u2013 Oulun tanssin keskus <\/h5>\n\n\n\n<p>Ensi-ilta 18.10.2019 Valvesali, Oulu + Lis\u00e4esitykset 28.10.2022 Aurinkobaletti, Manilla, Turku<\/p>\n\n\n\n<h5 class=\"wp-block-heading\">2018 Please Switch On &#8211; Konsepti ja tuotanto: TaikaBox<\/h5>\n\n\n\n<p>Esitykset 20.6.2018 Rotuaari, Oulu<\/p>\n\n\n\n<h5 class=\"wp-block-heading\">2015 Body and Sound dialogues \u2013 Koollekutsuja, tuotanto: Heidi Alasuvanto <\/h5>\n\n\n\n<p>Esitykset 16.9.2015 Tenalji von Fersen, Suomenlinna<\/p>\n\n\n\n<h5 class=\"wp-block-heading\">2015 TUMULT &#8211; Koreografia: William Petit, Tuotanto: JoJo \u2013 Oulun tanssin keskus<\/h5>\n\n\n\n<p>Ensi-ilta 20.2.2015 Valvesali, Oulu<\/p>\n\n\n\n<h5 class=\"wp-block-heading\">2014-2015 Rytmiryhm\u00e4 Uh ja Ah <\/h5>\n\n\n\n<p>Esitykset 23.5.2015 Maailma Kyl\u00e4ss\u00e4, Helsinki, 24.7.2015 Qstock, Oulu<\/p>\n\n\n\n<h5 class=\"wp-block-heading\">2014 Transitions Dance Company 2014, Taiteellinen johtaja: David Waring<\/h5>\n\n\n\n<p>Squall &#8211; Koreografia Stephanie Batten Bland<\/p>\n\n\n\n<p>Hold on, let me go &#8211; Koreografia Dog Kennel Hill Project<\/p>\n\n\n\n<p>A place between \u2013 Koreografia Ikky Maas<\/p>\n\n\n\n<p>Esityskiertue Iso-Britanniassa, Dublinissa, Gibraltarilla ja Prahassa.<\/p>\n\n\n\n<h2 class=\"wp-block-heading\">Ty\u00f6 tanssinopettajana<\/h2>\n\n\n\n<ul id=\"block-60921c4a-f08b-4e3b-ab9e-1241ad0c96c7\" class=\"wp-block-list\">\n<li>2024 Nuori teatteri leiri 2024 (luova tanssi), Kainuun opisto, Mieslahti<\/li>\n\n\n\n<li>2023 Luonto tanssii \u2013ty\u00f6paja (luova tanssi), Kainuun opisto, Mieslahti<\/li>\n\n\n\n<li>2018 Tanssileiri, koollekutsuja: Marketta Viitala, Akustiikka, Ylivieska<\/li>\n\n\n\n<li>2018 Kontakti-Improvisaatioleiri, Valve, Oulu<\/li>\n\n\n\n<li>2016 Jokihelmen opisto (lasten ja nuorten nykytanssi)<\/li>\n\n\n\n<li>2015 Oulun Tanssikomppania Ry (ammattilaisten aamutunnit)<\/li>\n\n\n\n<li>2015 HAHAHA Dance School (lasten ja nuorten nykytanssi)<\/li>\n\n\n\n<li>2011 Lontoon Suomalainen merimieskirkko (lastentanssi)<\/li>\n\n\n\n<li>2008-2009 Kuopion Reippaan Voimistelijat (joukkuevoimistelu ja showtanssi)<\/li>\n<\/ul>\n\n\n\n<h2 class=\"wp-block-heading\">Koulutus<\/h2>\n\n\n\n<ul id=\"block-60921c4a-f08b-4e3b-ab9e-1241ad0c96c7\" class=\"wp-block-list\">\n<li>2013 &#8211; 2014 Transitions Dance Company, Tanssin jatkokoulutus diplomi\/ Trinity Laban Conservatoire of Music and Dance<\/li>\n\n\n\n<li>2010 &#8211; 2013 Tanssitaiteen kandidaatti\/ Trinity Laban Conservatoire of Music and Dance<\/li>\n\n\n\n<li>2007 &#8211; 2010 Ylioppilas\/ Kuopion Yhteiskoulun Musiikkilukio (tanssilinja)<\/li>\n<\/ul>\n","protected":false},"excerpt":{"rendered":"<p> &hellip; <a href=\"https:\/\/helimarialatola.fi\/blog\/index.php\/cv\/\" class=\"more-link\"><span class=\"more-button\">Lue lis\u00e4\u00e4<span class=\"screen-reader-text\">CV<\/span><\/span><\/a><\/p>\n","protected":false},"author":1,"featured_media":384,"parent":0,"menu_order":0,"comment_status":"closed","ping_status":"closed","template":"","meta":{"footnotes":""},"class_list":["post-297","page","type-page","status-publish","has-post-thumbnail","hentry"],"jetpack_sharing_enabled":true,"_links":{"self":[{"href":"https:\/\/helimarialatola.fi\/blog\/index.php\/wp-json\/wp\/v2\/pages\/297","targetHints":{"allow":["GET"]}}],"collection":[{"href":"https:\/\/helimarialatola.fi\/blog\/index.php\/wp-json\/wp\/v2\/pages"}],"about":[{"href":"https:\/\/helimarialatola.fi\/blog\/index.php\/wp-json\/wp\/v2\/types\/page"}],"author":[{"embeddable":true,"href":"https:\/\/helimarialatola.fi\/blog\/index.php\/wp-json\/wp\/v2\/users\/1"}],"replies":[{"embeddable":true,"href":"https:\/\/helimarialatola.fi\/blog\/index.php\/wp-json\/wp\/v2\/comments?post=297"}],"version-history":[{"count":15,"href":"https:\/\/helimarialatola.fi\/blog\/index.php\/wp-json\/wp\/v2\/pages\/297\/revisions"}],"predecessor-version":[{"id":817,"href":"https:\/\/helimarialatola.fi\/blog\/index.php\/wp-json\/wp\/v2\/pages\/297\/revisions\/817"}],"wp:featuredmedia":[{"embeddable":true,"href":"https:\/\/helimarialatola.fi\/blog\/index.php\/wp-json\/wp\/v2\/media\/384"}],"wp:attachment":[{"href":"https:\/\/helimarialatola.fi\/blog\/index.php\/wp-json\/wp\/v2\/media?parent=297"}],"curies":[{"name":"wp","href":"https:\/\/api.w.org\/{rel}","templated":true}]}}