{"id":351,"date":"2021-08-04T14:43:39","date_gmt":"2021-08-04T14:43:39","guid":{"rendered":"https:\/\/helimarialatola.fi\/blog\/?post_type=jetpack-portfolio&#038;p=351"},"modified":"2023-09-25T16:55:56","modified_gmt":"2023-09-25T16:55:56","slug":"harh-varp-parhaillaan-2021","status":"publish","type":"jetpack-portfolio","link":"https:\/\/helimarialatola.fi\/blog\/index.php\/portfolio\/harh-varp-parhaillaan-2021\/","title":{"rendered":"Harh Varp Parhaillaan (2021)"},"content":{"rendered":"\n<p><em>Harh, varp, parhaillaan!<\/em>&nbsp;on pinnalta tiiviin tuntuinen, mutta sisuksiltaan leivoksellisen&nbsp; kuohkea tanssiesitys siit\u00e4, mik\u00e4 kaikki ihmishenkil\u00f6\u00e4 voikaan kiinnostaa. Kaksi tanssijaa tempaa yleis\u00f6n mukaansa innostumisen ja syventymisen maailmaan, jossa kyyti\u00e4 saavat ja antavat niin&nbsp; esineet, asiat kuin oliotkin. Jos ajatellaan, ett\u00e4 taide on uteliaisuuden harjoittamista vapaimmillaan,&nbsp; on t\u00e4m\u00e4 esitys iso purkillinen sen ajatuksen monenmakuista mehutiivistett\u00e4.&nbsp;&nbsp;<\/p>\n\n\n\n<p>Esityst\u00e4 s\u00e4est\u00e4\u00e4 liven\u00e4 kajaanilaisen&nbsp;<strong>Superlon TMS<\/strong>&nbsp;-yhtyeen musiikillinen pirtel\u00f6. Musiikki on&nbsp; esityksen salainen ainesosa: Superlon TMS:n improvisoitua jazz-ambienttia ei mitenk\u00e4\u00e4n&nbsp; laimenneta tai vaimenneta lapsille ja kaikenik\u00e4isille sopivaksi, vaan&nbsp;<em>Harh, varp, parhaillaan!<\/em>&nbsp;luottaa&nbsp; siihen, ett\u00e4 lapset ovat joka tapauksessa ajatusmaailmaltaan silkkaa improvisoitua jazz-ambienttia.&nbsp;<\/p>\n\n\n\n<p>Mukana noin puolen tunnin kestoisessa menossa on kymmenen pinkki\u00e4 esinett\u00e4, joista osa on&nbsp; muun v\u00e4risi\u00e4. Tekeminen leikkii vauhdikkaan unen logiikalla, eiv\u00e4tk\u00e4 esineet edusta tai symboloi n\u00e4ytt\u00e4m\u00f6ll\u00e4 mit\u00e4\u00e4n yht\u00e4 ja tietty\u00e4 asiaa, vaan jokainen katsoja saa itse rakentaa tapahtumaketjuista&nbsp; itselleen sopivan tarinan. Tai olla rakentamatta.&nbsp;<em>Harh, varp, parhaillaan!<\/em>&nbsp;vet\u00e4isee katsojan imuunsa, vaikka t\u00e4lt\u00e4 puuttuisi salapoliisikyvyt, tai pilli.&nbsp;&nbsp;<\/p>\n\n\n\n<p>Koreografia: Jouni J\u00e4rvenp\u00e4\u00e4<br>Koreografin assistentti: Heli-Maria Latola<br>Tanssijat: Aino Purhonen ja Jasu Parviainen<br>Musiikki: Superlon TMS \/&nbsp;Juho Hannikainen ja Matias Nieminen<br>Muusikko esityksiss\u00e4: Matias&nbsp;Nieminen<br>Puvustus: Soile Savela<\/p>\n\n\n\n<figure class=\"wp-block-image size-full\"><img loading=\"lazy\" decoding=\"async\" width=\"1024\" height=\"683\" data-attachment-id=\"352\" data-permalink=\"https:\/\/helimarialatola.fi\/blog\/index.php\/portfolio\/harh-varp-parhaillaan-2021\/pressi-52-2\/\" data-orig-file=\"https:\/\/helimarialatola.fi\/blog\/wp-content\/uploads\/2021\/08\/Pressi-52-2.jpg\" data-orig-size=\"1024,683\" data-comments-opened=\"1\" data-image-meta=\"{&quot;aperture&quot;:&quot;0&quot;,&quot;credit&quot;:&quot;&quot;,&quot;camera&quot;:&quot;&quot;,&quot;caption&quot;:&quot;&quot;,&quot;created_timestamp&quot;:&quot;0&quot;,&quot;copyright&quot;:&quot;&quot;,&quot;focal_length&quot;:&quot;0&quot;,&quot;iso&quot;:&quot;0&quot;,&quot;shutter_speed&quot;:&quot;0&quot;,&quot;title&quot;:&quot;&quot;,&quot;orientation&quot;:&quot;0&quot;}\" data-image-title=\"Pressi-52-2\" data-image-description=\"\" data-image-caption=\"\" data-large-file=\"https:\/\/helimarialatola.fi\/blog\/wp-content\/uploads\/2021\/08\/Pressi-52-2.jpg\" src=\"https:\/\/helimarialatola.fi\/blog\/wp-content\/uploads\/2021\/08\/Pressi-52-2.jpg\" alt=\"\" class=\"wp-image-352\" srcset=\"https:\/\/helimarialatola.fi\/blog\/wp-content\/uploads\/2021\/08\/Pressi-52-2.jpg 1024w, https:\/\/helimarialatola.fi\/blog\/wp-content\/uploads\/2021\/08\/Pressi-52-2-300x200.jpg 300w, https:\/\/helimarialatola.fi\/blog\/wp-content\/uploads\/2021\/08\/Pressi-52-2-768x512.jpg 768w, https:\/\/helimarialatola.fi\/blog\/wp-content\/uploads\/2021\/08\/Pressi-52-2-990x660.jpg 990w\" sizes=\"auto, (max-width: 1024px) 100vw, 1024px\" \/><figcaption>Kuva: Minna Hyv\u00f6nen<\/figcaption><\/figure>\n","protected":false},"excerpt":{"rendered":"<p> &hellip; <a href=\"https:\/\/helimarialatola.fi\/blog\/index.php\/portfolio\/harh-varp-parhaillaan-2021\/\" class=\"more-link\"><span class=\"more-button\">Lue lis\u00e4\u00e4<span class=\"screen-reader-text\">Harh Varp Parhaillaan (2021)<\/span><\/span><\/a><\/p>\n","protected":false},"author":3,"featured_media":362,"comment_status":"closed","ping_status":"closed","template":"","jetpack-portfolio-type":[],"jetpack-portfolio-tag":[],"class_list":["post-351","jetpack-portfolio","type-jetpack-portfolio","status-publish","has-post-thumbnail","hentry"],"jetpack_sharing_enabled":true,"_links":{"self":[{"href":"https:\/\/helimarialatola.fi\/blog\/index.php\/wp-json\/wp\/v2\/jetpack-portfolio\/351","targetHints":{"allow":["GET"]}}],"collection":[{"href":"https:\/\/helimarialatola.fi\/blog\/index.php\/wp-json\/wp\/v2\/jetpack-portfolio"}],"about":[{"href":"https:\/\/helimarialatola.fi\/blog\/index.php\/wp-json\/wp\/v2\/types\/jetpack-portfolio"}],"author":[{"embeddable":true,"href":"https:\/\/helimarialatola.fi\/blog\/index.php\/wp-json\/wp\/v2\/users\/3"}],"replies":[{"embeddable":true,"href":"https:\/\/helimarialatola.fi\/blog\/index.php\/wp-json\/wp\/v2\/comments?post=351"}],"wp:featuredmedia":[{"embeddable":true,"href":"https:\/\/helimarialatola.fi\/blog\/index.php\/wp-json\/wp\/v2\/media\/362"}],"wp:attachment":[{"href":"https:\/\/helimarialatola.fi\/blog\/index.php\/wp-json\/wp\/v2\/media?parent=351"}],"wp:term":[{"taxonomy":"jetpack-portfolio-type","embeddable":true,"href":"https:\/\/helimarialatola.fi\/blog\/index.php\/wp-json\/wp\/v2\/jetpack-portfolio-type?post=351"},{"taxonomy":"jetpack-portfolio-tag","embeddable":true,"href":"https:\/\/helimarialatola.fi\/blog\/index.php\/wp-json\/wp\/v2\/jetpack-portfolio-tag?post=351"}],"curies":[{"name":"wp","href":"https:\/\/api.w.org\/{rel}","templated":true}]}}

<p><em>Harh, varp, parhaillaan!</em>&nbsp;on pinnalta tiiviin tuntuinen, mutta sisuksiltaan leivoksellisen&nbsp; kuohkea tanssiesitys siitä, mikä kaikki ihmishenkilöä voikaan kiinnostaa. Kaksi tanssijaa tempaa yleisön mukaansa innostumisen ja syventymisen maailmaan, jossa kyytiä saavat ja antavat niin&nbsp; esineet, asiat kuin oliotkin. Jos ajatellaan, että taide on uteliaisuuden harjoittamista vapaimmillaan,&nbsp; on tämä esitys iso purkillinen sen ajatuksen monenmakuista mehutiivistettä.&nbsp;&nbsp;</p>



<p>Esitystä säestää livenä kajaanilaisen&nbsp;<strong>Superlon TMS</strong>&nbsp;-yhtyeen musiikillinen pirtelö. Musiikki on&nbsp; esityksen salainen ainesosa: Superlon TMS:n improvisoitua jazz-ambienttia ei mitenkään&nbsp; laimenneta tai vaimenneta lapsille ja kaikenikäisille sopivaksi, vaan&nbsp;<em>Harh, varp, parhaillaan!</em>&nbsp;luottaa&nbsp; siihen, että lapset ovat joka tapauksessa ajatusmaailmaltaan silkkaa improvisoitua jazz-ambienttia.&nbsp;</p>



<p>Mukana noin puolen tunnin kestoisessa menossa on kymmenen pinkkiä esinettä, joista osa on&nbsp; muun värisiä. Tekeminen leikkii vauhdikkaan unen logiikalla, eivätkä esineet edusta tai symboloi näyttämöllä mitään yhtä ja tiettyä asiaa, vaan jokainen katsoja saa itse rakentaa tapahtumaketjuista&nbsp; itselleen sopivan tarinan. Tai olla rakentamatta.&nbsp;<em>Harh, varp, parhaillaan!</em>&nbsp;vetäisee katsojan imuunsa, vaikka tältä puuttuisi salapoliisikyvyt, tai pilli.&nbsp;&nbsp;</p>



<p>Koreografia: Jouni Järvenpää<br>Koreografin assistentti: Heli-Maria Latola<br>Tanssijat: Aino Purhonen ja Jasu Parviainen<br>Musiikki: Superlon TMS /&nbsp;Juho Hannikainen ja Matias Nieminen<br>Muusikko esityksissä: Matias&nbsp;Nieminen<br>Puvustus: Soile Savela</p>



<figure class="wp-block-image size-full"><img loading="lazy" decoding="async" width="1024" height="683" data-attachment-id="352" data-permalink="https://helimarialatola.fi/blog/index.php/portfolio/harh-varp-parhaillaan-2021/pressi-52-2/" data-orig-file="https://helimarialatola.fi/blog/wp-content/uploads/2021/08/Pressi-52-2.jpg" data-orig-size="1024,683" data-comments-opened="1" data-image-meta="{&quot;aperture&quot;:&quot;0&quot;,&quot;credit&quot;:&quot;&quot;,&quot;camera&quot;:&quot;&quot;,&quot;caption&quot;:&quot;&quot;,&quot;created_timestamp&quot;:&quot;0&quot;,&quot;copyright&quot;:&quot;&quot;,&quot;focal_length&quot;:&quot;0&quot;,&quot;iso&quot;:&quot;0&quot;,&quot;shutter_speed&quot;:&quot;0&quot;,&quot;title&quot;:&quot;&quot;,&quot;orientation&quot;:&quot;0&quot;}" data-image-title="Pressi-52-2" data-image-description="" data-image-caption="" data-large-file="https://helimarialatola.fi/blog/wp-content/uploads/2021/08/Pressi-52-2.jpg" src="https://helimarialatola.fi/blog/wp-content/uploads/2021/08/Pressi-52-2.jpg" alt="" class="wp-image-352" srcset="https://helimarialatola.fi/blog/wp-content/uploads/2021/08/Pressi-52-2.jpg 1024w, https://helimarialatola.fi/blog/wp-content/uploads/2021/08/Pressi-52-2-300x200.jpg 300w, https://helimarialatola.fi/blog/wp-content/uploads/2021/08/Pressi-52-2-768x512.jpg 768w, https://helimarialatola.fi/blog/wp-content/uploads/2021/08/Pressi-52-2-990x660.jpg 990w" sizes="auto, (max-width: 1024px) 100vw, 1024px" /><figcaption>Kuva: Minna Hyvönen</figcaption></figure>

<p> &hellip; <a href="https://helimarialatola.fi/blog/index.php/portfolio/harh-varp-parhaillaan-2021/" class="more-link"><span class="more-button">Lue lisää<span class="screen-reader-text">Harh Varp Parhaillaan (2021)</span></span></a></p>
